{"id":7724,"date":"2024-02-05T03:48:26","date_gmt":"2024-02-05T02:48:26","guid":{"rendered":"https:\/\/aboubusinesscompany.com\/?product=uno"},"modified":"2026-02-27T22:48:53","modified_gmt":"2026-02-27T21:48:53","slug":"uno","status":"publish","type":"product","link":"https:\/\/aboubusinesscompany.com\/?product=uno","title":{"rendered":"UNO WILD"},"content":{"rendered":"<p>V\u00e9ritable jeu culte, le Uno est un incontournable depuis des d\u00e9cennies. Depuis son invention, il ne cesse de se r\u00e9inventer, tout en conservant toutefois ses caract\u00e9ristiques premi\u00e8res.<\/p>\n","protected":false},"excerpt":{"rendered":"<p>V\u00e9ritable jeu culte, le Uno est un incontournable depuis des d\u00e9cennies. Depuis son invention, il ne cesse de se r\u00e9inventer, tout en conservant toutefois ses caract\u00e9ristiques premi\u00e8res.<\/p>\n","protected":false},"featured_media":7723,"comment_status":"open","ping_status":"closed","template":"","meta":[],"product_brand":[],"product_cat":[297],"product_tag":[],"class_list":{"0":"post-7724","1":"product","2":"type-product","3":"status-publish","4":"has-post-thumbnail","6":"product_cat-divers","8":"first","9":"instock","10":"sale","11":"shipping-taxable","12":"purchasable","13":"product-type-simple"},"jetpack_sharing_enabled":true,"_links":{"self":[{"href":"https:\/\/aboubusinesscompany.com\/index.php?rest_route=\/wp\/v2\/product\/7724","targetHints":{"allow":["GET"]}}],"collection":[{"href":"https:\/\/aboubusinesscompany.com\/index.php?rest_route=\/wp\/v2\/product"}],"about":[{"href":"https:\/\/aboubusinesscompany.com\/index.php?rest_route=\/wp\/v2\/types\/product"}],"replies":[{"embeddable":true,"href":"https:\/\/aboubusinesscompany.com\/index.php?rest_route=%2Fwp%2Fv2%2Fcomments&post=7724"}],"version-history":[{"count":3,"href":"https:\/\/aboubusinesscompany.com\/index.php?rest_route=\/wp\/v2\/product\/7724\/revisions"}],"predecessor-version":[{"id":8561,"href":"https:\/\/aboubusinesscompany.com\/index.php?rest_route=\/wp\/v2\/product\/7724\/revisions\/8561"}],"wp:featuredmedia":[{"embeddable":true,"href":"https:\/\/aboubusinesscompany.com\/index.php?rest_route=\/wp\/v2\/media\/7723"}],"wp:attachment":[{"href":"https:\/\/aboubusinesscompany.com\/index.php?rest_route=%2Fwp%2Fv2%2Fmedia&parent=7724"}],"wp:term":[{"taxonomy":"product_brand","embeddable":true,"href":"https:\/\/aboubusinesscompany.com\/index.php?rest_route=%2Fwp%2Fv2%2Fproduct_brand&post=7724"},{"taxonomy":"product_cat","embeddable":true,"href":"https:\/\/aboubusinesscompany.com\/index.php?rest_route=%2Fwp%2Fv2%2Fproduct_cat&post=7724"},{"taxonomy":"product_tag","embeddable":true,"href":"https:\/\/aboubusinesscompany.com\/index.php?rest_route=%2Fwp%2Fv2%2Fproduct_tag&post=7724"}],"curies":[{"name":"wp","href":"https:\/\/api.w.org\/{rel}","templated":true}]}}