{"id":7800,"date":"2024-02-06T21:23:31","date_gmt":"2024-02-06T20:23:31","guid":{"rendered":"https:\/\/aboubusinesscompany.com\/?product=biscuits-fourres-noisettes-et-cacao-nutella-b-readyx15-330g"},"modified":"2026-02-12T15:52:49","modified_gmt":"2026-02-12T14:52:49","slug":"biscuits-fourres-noisettes-et-cacao-nutella-b-readyx15-330g","status":"publish","type":"product","link":"https:\/\/aboubusinesscompany.com\/?product=biscuits-fourres-noisettes-et-cacao-nutella-b-readyx15-330g","title":{"rendered":"Biscuits Fourr\u00e9s Noisettes et Cacao NUTELLA B-READY\n\nx15 &#8211; 330g"},"content":{"rendered":"<div class=\"product-content main-details__block\" style=\"font-family:Ubuntu,BlinkMacSystemFont,\">\n<div class=\"c-text c-text--size-s c-text--style-p\" style=\"font-family:Ubuntu,BlinkMacSystemFont,\">\n<div style=\"font-family:Ubuntu,BlinkMacSystemFont,\">Nutella B-ready, c&rsquo;est un c\u0153ur onctueux de Nutella au go\u00fbt unique, enrob\u00e9 d&rsquo;une enveloppe croustillante. Un duo de sensations dans un emballage individuel, \u00e0 emporter avec vous. Nutella B-ready, le Nutella qui croustille.<\/div>\n<\/div>\n<\/div>\n<div class=\"product-content main-details__block\" style=\"font-family:Ubuntu,BlinkMacSystemFont,\">\n<div class=\"product-content__title\" style=\"font-family:Ubuntu,BlinkMacSystemFont,\">\n<p class=\"c-text c-text--size-m c-text--style-p c-text--bold\" style=\"font-family:Ubuntu,BlinkMacSystemFont,\"><strong>Ingr\u00e9dients et allerg\u00e8nes<\/strong><\/p>\n<\/div>\n<div class=\"c-text c-text--size-s c-text--style-p\" style=\"font-family:Ubuntu,BlinkMacSystemFont,\">\n<div style=\"font-family:Ubuntu,BlinkMacSystemFont,\">p\u00e2te \u00e0 tartiner aux NOISETTES et au cacao 81,5 % (sucre, huile de palme, NOISETTES 13%, LAIT \u00e9cr\u00e9m\u00e9 en poudre 8,7%, cacao maigre 7,4%, \u00e9mulsifiants : l\u00e9cithines SOJA ; vanilline), farine de FROMENT 16%, levure de bi\u00e8re, extrait de malt d&rsquo;ORGE, sel, LAIT \u00e9cr\u00e9m\u00e9 en poudre, \u00e9mulsifiants : l\u00e9cithines SOJA ; prot\u00e9ines de FROMENT, prot\u00e9ines de LAIT, eau.<br \/>\nAllerg\u00e8nes: Soja &#8211; \u2026\n<\/div>\n<\/div>\n<\/div>\n","protected":false},"excerpt":{"rendered":"<p>Nutella B-ready, c&rsquo;est un c\u0153ur onctueux de Nutella au go\u00fbt unique, enrob\u00e9 d&rsquo;une enveloppe croustillante. Un duo de sensations dans un emballage individuel, \u00e0 emporter avec vous. Nutella B-ready, le Nutella qui croustille. Ingr\u00e9dients et allerg\u00e8nes p\u00e2te \u00e0 tartiner aux NOISETTES et au cacao 81,5 % (sucre, huile de palme, NOISETTES 13%, LAIT \u00e9cr\u00e9m\u00e9 en &hellip; <br \/><a href=\"https:\/\/aboubusinesscompany.com\/?product=biscuits-fourres-noisettes-et-cacao-nutella-b-readyx15-330g\" class=\"more-link\">Continue reading <span class=\"screen-reader-text\">Biscuits Fourr\u00e9s Noisettes et Cacao NUTELLA B-READY<\/p>\n<p>x15 &#8211; 330g<\/span><\/a><\/p>\n","protected":false},"featured_media":7797,"comment_status":"open","ping_status":"closed","template":"","meta":[],"product_brand":[],"product_cat":[292],"product_tag":[],"class_list":{"0":"post-7800","1":"product","2":"type-product","3":"status-publish","4":"has-post-thumbnail","6":"product_cat-agro-alimentaire","8":"first","9":"outofstock","10":"sale","11":"shipping-taxable","12":"purchasable","13":"product-type-simple"},"jetpack_sharing_enabled":true,"_links":{"self":[{"href":"https:\/\/aboubusinesscompany.com\/index.php?rest_route=\/wp\/v2\/product\/7800","targetHints":{"allow":["GET"]}}],"collection":[{"href":"https:\/\/aboubusinesscompany.com\/index.php?rest_route=\/wp\/v2\/product"}],"about":[{"href":"https:\/\/aboubusinesscompany.com\/index.php?rest_route=\/wp\/v2\/types\/product"}],"replies":[{"embeddable":true,"href":"https:\/\/aboubusinesscompany.com\/index.php?rest_route=%2Fwp%2Fv2%2Fcomments&post=7800"}],"version-history":[{"count":1,"href":"https:\/\/aboubusinesscompany.com\/index.php?rest_route=\/wp\/v2\/product\/7800\/revisions"}],"predecessor-version":[{"id":8188,"href":"https:\/\/aboubusinesscompany.com\/index.php?rest_route=\/wp\/v2\/product\/7800\/revisions\/8188"}],"wp:featuredmedia":[{"embeddable":true,"href":"https:\/\/aboubusinesscompany.com\/index.php?rest_route=\/wp\/v2\/media\/7797"}],"wp:attachment":[{"href":"https:\/\/aboubusinesscompany.com\/index.php?rest_route=%2Fwp%2Fv2%2Fmedia&parent=7800"}],"wp:term":[{"taxonomy":"product_brand","embeddable":true,"href":"https:\/\/aboubusinesscompany.com\/index.php?rest_route=%2Fwp%2Fv2%2Fproduct_brand&post=7800"},{"taxonomy":"product_cat","embeddable":true,"href":"https:\/\/aboubusinesscompany.com\/index.php?rest_route=%2Fwp%2Fv2%2Fproduct_cat&post=7800"},{"taxonomy":"product_tag","embeddable":true,"href":"https:\/\/aboubusinesscompany.com\/index.php?rest_route=%2Fwp%2Fv2%2Fproduct_tag&post=7800"}],"curies":[{"name":"wp","href":"https:\/\/api.w.org\/{rel}","templated":true}]}}