{"id":7805,"date":"2024-02-06T21:40:05","date_gmt":"2024-02-06T20:40:05","guid":{"rendered":"https:\/\/aboubusinesscompany.com\/?product=barre-chocolatee-chocolat-au-lait-kinder-bueno10-barres-430g"},"modified":"2026-02-05T00:02:58","modified_gmt":"2026-02-04T23:02:58","slug":"barre-chocolatee-chocolat-au-lait-kinder-bueno10-barres-430g","status":"publish","type":"product","link":"https:\/\/aboubusinesscompany.com\/?product=barre-chocolatee-chocolat-au-lait-kinder-bueno10-barres-430g","title":{"rendered":"Barre chocolat\u00e9e Chocolat au Lait KINDER BUENO\n10 barres &#8211; 430g"},"content":{"rendered":"<p>Envie de vous faire vraiment plaisir ? Avec son go\u00fbt unique de noisette, son bon chocolat et son c\u00f4t\u00e9 \u00e0 la fois fondant et croustillant, laissez-vous (re)tenter par la recette de Kinder Bueno.<\/p>\n<p><strong>Ingr\u00e9dients et allerg\u00e8nes<\/strong><\/p>\n<p>Chocolat au LAIT 31,5 % (sucre, beurre de cacao, p\u00e2te de cacao, LAIT \u00e9cr\u00e9m\u00e9 en poudre, BEURRE concentr\u00e9, \u00e9mulsifiants: l\u00e9cithines SOJA, vanilline), sucre, huile de palme, farine de FROMENT, NOISETTES broy\u00e9es 10,8%, LAIT \u00e9cr\u00e9m\u00e9 en poudre, LAIT en poudre, chocolat noir (sucre, p\u00e2te de cacao, beurre de cacao, \u00e9mulsifiants: l\u00e9cithines SOJA, vanilline), cacao maigre, \u00e9mulsifiants: l\u00e9cithin\u2026<\/p>\n","protected":false},"excerpt":{"rendered":"<p>Envie de vous faire vraiment plaisir ? Avec son go\u00fbt unique de noisette, son bon chocolat et son c\u00f4t\u00e9 \u00e0 la fois fondant et croustillant, laissez-vous (re)tenter par la recette de Kinder Bueno. Ingr\u00e9dients et allerg\u00e8nes Chocolat au LAIT 31,5 % (sucre, beurre de cacao, p\u00e2te de cacao, LAIT \u00e9cr\u00e9m\u00e9 en poudre, BEURRE concentr\u00e9, \u00e9mulsifiants: &hellip; <br \/><a href=\"https:\/\/aboubusinesscompany.com\/?product=barre-chocolatee-chocolat-au-lait-kinder-bueno10-barres-430g\" class=\"more-link\">Continue reading <span class=\"screen-reader-text\">Barre chocolat\u00e9e Chocolat au Lait KINDER BUENO<br \/>\n10 barres &#8211; 430g<\/span><\/a><\/p>\n","protected":false},"featured_media":7803,"comment_status":"open","ping_status":"closed","template":"","meta":[],"product_brand":[],"product_cat":[292],"product_tag":[],"class_list":{"0":"post-7805","1":"product","2":"type-product","3":"status-publish","4":"has-post-thumbnail","6":"product_cat-agro-alimentaire","8":"first","9":"instock","10":"sale","11":"shipping-taxable","12":"purchasable","13":"product-type-simple"},"jetpack_sharing_enabled":true,"_links":{"self":[{"href":"https:\/\/aboubusinesscompany.com\/index.php?rest_route=\/wp\/v2\/product\/7805","targetHints":{"allow":["GET"]}}],"collection":[{"href":"https:\/\/aboubusinesscompany.com\/index.php?rest_route=\/wp\/v2\/product"}],"about":[{"href":"https:\/\/aboubusinesscompany.com\/index.php?rest_route=\/wp\/v2\/types\/product"}],"replies":[{"embeddable":true,"href":"https:\/\/aboubusinesscompany.com\/index.php?rest_route=%2Fwp%2Fv2%2Fcomments&post=7805"}],"version-history":[{"count":2,"href":"https:\/\/aboubusinesscompany.com\/index.php?rest_route=\/wp\/v2\/product\/7805\/revisions"}],"predecessor-version":[{"id":8753,"href":"https:\/\/aboubusinesscompany.com\/index.php?rest_route=\/wp\/v2\/product\/7805\/revisions\/8753"}],"wp:featuredmedia":[{"embeddable":true,"href":"https:\/\/aboubusinesscompany.com\/index.php?rest_route=\/wp\/v2\/media\/7803"}],"wp:attachment":[{"href":"https:\/\/aboubusinesscompany.com\/index.php?rest_route=%2Fwp%2Fv2%2Fmedia&parent=7805"}],"wp:term":[{"taxonomy":"product_brand","embeddable":true,"href":"https:\/\/aboubusinesscompany.com\/index.php?rest_route=%2Fwp%2Fv2%2Fproduct_brand&post=7805"},{"taxonomy":"product_cat","embeddable":true,"href":"https:\/\/aboubusinesscompany.com\/index.php?rest_route=%2Fwp%2Fv2%2Fproduct_cat&post=7805"},{"taxonomy":"product_tag","embeddable":true,"href":"https:\/\/aboubusinesscompany.com\/index.php?rest_route=%2Fwp%2Fv2%2Fproduct_tag&post=7805"}],"curies":[{"name":"wp","href":"https:\/\/api.w.org\/{rel}","templated":true}]}}