{"id":8108,"date":"2024-10-02T22:57:37","date_gmt":"2024-10-02T20:57:37","guid":{"rendered":"https:\/\/aboubusinesscompany.com\/?product=el-mordjene-bueno-white-el-mordjene-700g"},"modified":"2026-03-09T16:28:17","modified_gmt":"2026-03-09T15:28:17","slug":"el-mordjene-bueno-white-el-mordjene-700g","status":"publish","type":"product","link":"https:\/\/aboubusinesscompany.com\/?product=el-mordjene-bueno-white-el-mordjene-700g","title":{"rendered":"El Mordjene Bueno White El Mordjene 700g"},"content":{"rendered":"<p><span style=\"font-family: Karla, Helvetica, Arial, Lucida, sans-serif;font-size: 16px;font-style: normal;font-weight: 500;letter-spacing: normal;text-align: start;text-indent: 0px;text-transform: none;text-decoration: none;float: none\">La fameuse p\u00e2te a tartiner Bueno white El Mordjene.<\/span><\/p>\n<p><span style=\"font-family: Brown, Arial, sans-serif;font-size: 22px;font-style: normal;font-weight: 700;letter-spacing: normal;text-align: start;text-indent: 0px;text-transform: none;text-decoration: none;float: none\">Vous avez forc\u00e9ment d\u00e9j\u00e0 entendu parler de la p\u00e2te \u00e0 tartiner El Mordjene au go\u00fbt de Kinder Bueno, tout droit venue d&rsquo;Alg\u00e9rie : depuis cet \u00e9t\u00e9, elle cartonne sur TikTok. Des chocolatiers du Pays de Bray ont lanc\u00e9 leur propre version, 100% Normande et tout aussi irr\u00e9sistible.<\/span><\/p>\n","protected":false},"excerpt":{"rendered":"<p>La fameuse p\u00e2te a tartiner Bueno white El Mordjene. Vous avez forc\u00e9ment d\u00e9j\u00e0 entendu parler de la p\u00e2te \u00e0 tartiner El Mordjene au go\u00fbt de Kinder Bueno, tout droit venue d&rsquo;Alg\u00e9rie : depuis cet \u00e9t\u00e9, elle cartonne sur TikTok. Des chocolatiers du Pays de Bray ont lanc\u00e9 leur propre version, 100% Normande et tout aussi &hellip; <br \/><a href=\"https:\/\/aboubusinesscompany.com\/?product=el-mordjene-bueno-white-el-mordjene-700g\" class=\"more-link\">Continue reading <span class=\"screen-reader-text\">El Mordjene Bueno White El Mordjene 700g<\/span><\/a><\/p>\n","protected":false},"featured_media":8107,"comment_status":"open","ping_status":"closed","template":"","meta":[],"product_brand":[],"product_cat":[292],"product_tag":[],"class_list":{"0":"post-8108","1":"product","2":"type-product","3":"status-publish","4":"has-post-thumbnail","6":"product_cat-agro-alimentaire","8":"first","9":"instock","10":"sale","11":"shipping-taxable","12":"purchasable","13":"product-type-simple"},"jetpack_sharing_enabled":true,"_links":{"self":[{"href":"https:\/\/aboubusinesscompany.com\/index.php?rest_route=\/wp\/v2\/product\/8108","targetHints":{"allow":["GET"]}}],"collection":[{"href":"https:\/\/aboubusinesscompany.com\/index.php?rest_route=\/wp\/v2\/product"}],"about":[{"href":"https:\/\/aboubusinesscompany.com\/index.php?rest_route=\/wp\/v2\/types\/product"}],"replies":[{"embeddable":true,"href":"https:\/\/aboubusinesscompany.com\/index.php?rest_route=%2Fwp%2Fv2%2Fcomments&post=8108"}],"version-history":[{"count":1,"href":"https:\/\/aboubusinesscompany.com\/index.php?rest_route=\/wp\/v2\/product\/8108\/revisions"}],"predecessor-version":[{"id":8109,"href":"https:\/\/aboubusinesscompany.com\/index.php?rest_route=\/wp\/v2\/product\/8108\/revisions\/8109"}],"wp:featuredmedia":[{"embeddable":true,"href":"https:\/\/aboubusinesscompany.com\/index.php?rest_route=\/wp\/v2\/media\/8107"}],"wp:attachment":[{"href":"https:\/\/aboubusinesscompany.com\/index.php?rest_route=%2Fwp%2Fv2%2Fmedia&parent=8108"}],"wp:term":[{"taxonomy":"product_brand","embeddable":true,"href":"https:\/\/aboubusinesscompany.com\/index.php?rest_route=%2Fwp%2Fv2%2Fproduct_brand&post=8108"},{"taxonomy":"product_cat","embeddable":true,"href":"https:\/\/aboubusinesscompany.com\/index.php?rest_route=%2Fwp%2Fv2%2Fproduct_cat&post=8108"},{"taxonomy":"product_tag","embeddable":true,"href":"https:\/\/aboubusinesscompany.com\/index.php?rest_route=%2Fwp%2Fv2%2Fproduct_tag&post=8108"}],"curies":[{"name":"wp","href":"https:\/\/api.w.org\/{rel}","templated":true}]}}