{"id":8558,"date":"2025-06-26T21:41:57","date_gmt":"2025-06-26T19:41:57","guid":{"rendered":"https:\/\/aboubusinesscompany.com\/?product=produit-2"},"modified":"2026-03-08T11:17:14","modified_gmt":"2026-03-08T10:17:14","slug":"produit-2","status":"publish","type":"product","link":"https:\/\/aboubusinesscompany.com\/?product=produit-2","title":{"rendered":"Mascarpone (500g)"},"content":{"rendered":"<p>Le Quescrem Mascarpone a une saveur et un ar\u00f4me laitiers. Il se distingue par sa texture cr\u00e9meuse et soyeuse sans ajout de stabilisants. Il est parfait pour toutes sortes d\u2019applications, en particulier le tiramisu. Il est fabriqu\u00e9 \u00e0 partir de mati\u00e8res premi\u00e8res locales.<\/p>\n<p><strong>Ingr\u00e9dients<\/strong><br \/>\nCr\u00e8me pasteuris\u00e9e, lait, r\u00e9gulateur d\u2019acidit\u00e9 : acide citrique<\/p>\n","protected":false},"excerpt":{"rendered":"<p>Le Quescrem Mascarpone a une saveur et un ar\u00f4me laitiers. Il se distingue par sa texture cr\u00e9meuse et soyeuse sans ajout de stabilisants. Il est parfait pour toutes sortes d\u2019applications, en particulier le tiramisu. Il est fabriqu\u00e9 \u00e0 partir de mati\u00e8res premi\u00e8res locales. Ingr\u00e9dients Cr\u00e8me pasteuris\u00e9e, lait, r\u00e9gulateur d\u2019acidit\u00e9 : acide citrique<\/p>\n","protected":false},"featured_media":8557,"comment_status":"open","ping_status":"closed","template":"","meta":[],"product_brand":[],"product_cat":[292],"product_tag":[],"class_list":{"0":"post-8558","1":"product","2":"type-product","3":"status-publish","4":"has-post-thumbnail","6":"product_cat-agro-alimentaire","8":"first","9":"instock","10":"sale","11":"purchasable","12":"product-type-simple"},"jetpack_sharing_enabled":true,"_links":{"self":[{"href":"https:\/\/aboubusinesscompany.com\/index.php?rest_route=\/wp\/v2\/product\/8558","targetHints":{"allow":["GET"]}}],"collection":[{"href":"https:\/\/aboubusinesscompany.com\/index.php?rest_route=\/wp\/v2\/product"}],"about":[{"href":"https:\/\/aboubusinesscompany.com\/index.php?rest_route=\/wp\/v2\/types\/product"}],"replies":[{"embeddable":true,"href":"https:\/\/aboubusinesscompany.com\/index.php?rest_route=%2Fwp%2Fv2%2Fcomments&post=8558"}],"version-history":[{"count":1,"href":"https:\/\/aboubusinesscompany.com\/index.php?rest_route=\/wp\/v2\/product\/8558\/revisions"}],"predecessor-version":[{"id":8559,"href":"https:\/\/aboubusinesscompany.com\/index.php?rest_route=\/wp\/v2\/product\/8558\/revisions\/8559"}],"wp:featuredmedia":[{"embeddable":true,"href":"https:\/\/aboubusinesscompany.com\/index.php?rest_route=\/wp\/v2\/media\/8557"}],"wp:attachment":[{"href":"https:\/\/aboubusinesscompany.com\/index.php?rest_route=%2Fwp%2Fv2%2Fmedia&parent=8558"}],"wp:term":[{"taxonomy":"product_brand","embeddable":true,"href":"https:\/\/aboubusinesscompany.com\/index.php?rest_route=%2Fwp%2Fv2%2Fproduct_brand&post=8558"},{"taxonomy":"product_cat","embeddable":true,"href":"https:\/\/aboubusinesscompany.com\/index.php?rest_route=%2Fwp%2Fv2%2Fproduct_cat&post=8558"},{"taxonomy":"product_tag","embeddable":true,"href":"https:\/\/aboubusinesscompany.com\/index.php?rest_route=%2Fwp%2Fv2%2Fproduct_tag&post=8558"}],"curies":[{"name":"wp","href":"https:\/\/api.w.org\/{rel}","templated":true}]}}